2*s + 12. Determine c(n).
-18
Let h be (-1)/2*0 + 2. Let d(n) = 4 - 3*n + h*n - 2. Let a = 10846 - 10849. What is d(a)?
5
Let k(g) = 133*g**2 + 6 + 0 + 133*g**2 - 398*g**2 + 127*g**2 - 45*g. Calculate k(-9).
6
Let d(p) = 2*p + 9. Suppose 172 + 4816 = 5*l - 3*z, 4*z = -l + 1016. Let b = l + -1004. Determine d(b).
1
Suppose -2084*n = -2073*n + 66. Let f(k) = k**3 + 3*k**2 - 7*k. Calculate f(n).
-66
Let y(c) = 2*c**3 + c**2 + c - 2. Let b(r) = -3*r**3 + 5*r**2 + 4*r - 9. Let j(h) = -b(h) + 4*y(h). Let i be 2/(-6) - (-32)/24. Give j(i).
11
Let h(a) = -a**2 - 2*a. Let y(l) = -6*l**2 - 15*l - 1. Let q = 123 - 128. Let r(b) = q*h(b) + y(b). Calculate r(-4).
3
Suppose -2*u = 3*u + 30. Let p be (-2)/(-12)*-4 - 1072/(-6). Let f(i) = i + 352 - 175 - p. Give f(u).
-7
Let i be -8*4/(-16)*-2. Let u(h) be the second derivative of -h**5/20 - h**4/2 - h**3/3 - 5*h**2/2 - 682*h. What is u(i)?
-29
Suppose 4*l - 51 = -15. Suppose l*f + 3 = 8*f. Let g be 17/3 - f/9. Let z(a) = -a + 8. Determine z(g).
2
Let r(n) = 3*n - 30. Let f(q) be the second derivative of 1/6*q**3 + 0 + 10*q - 5*q**2. Let b(k) = 8*f(k) - 3*r(k). What is b(7)?
3
Let k(b) be the second derivative of -1/20*b**5 - 1/2*b**2 + 0*b**4 - 2 - 6*b - 1/2*b**3. What is k(-2)?
13
Let g(f) = -32*f**2 - 3*f + 5. Let t be ((-220)/(-253))/10 - (-88)/46. Calculate g(t).
-129
Let a = -9734 + 9707. Let g(c) = -6*c - 159. Calculate g(a).
3
Suppose -60*j = 2*j - 186. Let c(t) = 2*t**2 + 10. Determine c(j).
28
Let n(q) = -3724*q - q**2 + 3729*q + 3 - 9. What is n(5)?
-6
Let p = 205 + -196. Let j(u) = 6*u - 70*u**3 + 9 - p*u**2 + 141*u**3 - 72*u**3 + 5*u. What is j(-10)?
-1
Let o(f) = f**3 - 4*f**2 + 2*f + 5. Let u(s) = -s**2 - 51*s + 222. Let j be u(-55). Give o(j).
1
Let r(f) = -f - 24. Suppose -1375 - 197 + 60 = 216*s. Give r(s).
-17
Let g(l) = -3*l + 7. Let i be 3/1 - 0/11. Suppose -i*r - r = 2*h - 22, -3*h + 15 = 0. Give g(r).
-2
Let c(t) = 19*t + 2. Let k(x) = -79*x - 7. Let o(s) = -17*c(s) - 4*k(s). Determine o(0).
-6
Let z be 3/1 - (3 - (-1 - -84)). Let w = z - 80. Suppose -3*r - 34 = -4*k - 12, -w*r + 20 = 2*k. Let j(i) = -i**2 + 5*i + 8. Calculate j(k).
-6
Let n(a) = -a + 1. Let u = -868 - -612. Let t = -256 - u. Calculate n(t).
1
Let b(d) be the second derivative of 13/6*d**3 + 1/12*d**4 - 9*d - 12 + 1/2*d**2. What is b(-11)?
-21
Let r(s) = -s**2 + 2*s + 3. Let a = 27 + -24. Suppose m + 4*y = 3, a*m + 3*y = 2*y + 20. Suppose 5*n + 2*x + m + 13 = 0, -5*n = 5*x + 35. Calculate r(n).
-5
Suppose -53*q - 78 = -47*q. Let z(a) = 3*a + 33. Let s be z(q). Let c(v) = -v - 4. Calculate c(s).
2
Let q(i) = 2*i**2 + 107 - 253 - i**2 + 46 + 18*i + 34. Determine q(-21).
-3
Let x(u) be the second derivative of -u**4/24 + 7*u**3/6 + 223*u**2/2 - u + 34. Let g(a) be the first derivative of x(a). What is g(11)?
-4
Let u = 0 - 0. Let i(z) = -2775*z + 1 - 17 + 2775*z + 5 + 2 - z**3. What is i(u)?
-9
Suppose 63*g + 258 = -309. Suppose 4*u + 10 + 98 = 0. Let b be g/u + 2/(-6) + -1. Let i(m) = -4*m. Give i(b).
4
Let q be (-2 - 24140/(-15))*6/4. Let y = q + -847. Let n(r) = -1570 + r**3 + y + r**2 - 6*r**2. Calculate n(5).
-6
Let t = 21 - 12. Let a(l) = -l**2 + 7*l + 20. Let k be a(t). Let d(v) = -2*v**3 - v - k + 0*v**3 + v**3 - 7*v**2. Calculate d(-7).
5
Suppose 56*n - 139 + 27 = 0. Let q(s) = 16 - 21*s**n + 18*s + 50*s**2 - 28*s**2. Give q(-16).
-16
Let m(r) = 69*r - 6. Let o = -3183 + 3184. Calculate m(o).
63
Let s(h) be the first derivative of -h**7/210 - h**5/40 - h**4/24 - 10*h**3/3 - 2*h - 45. Let n(q) be the third derivative of s(q). Calculate n(-2).
37
Let b(x) = x**3 - 6*x**2 - 10*x + 7. Let y(u) = -u**3 - 4*u**2 + u. Let i be y(-5). Let t be ((-8)/20)/((-1)/i). Suppose 13*v = t*v + 35. Calculate b(v).
-14
Suppose 0 = -2*g + 5*n - 19, -17 = 3*g - 3*n - 2. Let o be ((-48)/112)/(g/(-14)). Let p(h) = h**3 - h**2 - 4*h - 3. Calculate p(o).
-27
Let b(g) = 2*g**3 - g**2 - 14*g + 11. Let l(x) = x**3 - x**2 - 7*x + 5. Let v(f) = 2*b(f) - 5*l(f). Let d(q) = -1. Let o(i) = 3*d(i) + v(i). What is o(4)?
6
Let x(l) be the third derivative of l**6/120 + 2*l**5/15 + l**4/12 - 2*l**3 + 1609*l**2. What is x(-5)?
53
Let k(j) be the second derivative of 5*j**4/12 + 29*j**3/6 + 3*j**2/2 - 1525*j. Calculate k(-6).
9
Let x(g) = -6*g - 397. Suppose -176 = -14*i - 392 - 694. Calculate x(i).
-7
Let n(z) = -11*z**3 - 58*z**2 - 58*z - 29. Let h(m) = 4*m**3 + 20*m**2 + 20*m + 10. Let r(b) = -8*h(b) - 3*n(b). Give r(-12).
127
Let h(v) = v + 0*v**2 + 15 + 2*v**2 + 14 - 41 - 11*v**3 + 10. Calculate h(2).
-80
Suppose -d + 0 = -12. Let b(j) = -9*j - 22. Let t be b(-3). Suppose d = -3*q + 3*k - 0, -t*k - 10 = q. Let v(s) = -s**2 - 4*s + 4. Calculate v(q).
-1
Suppose 160 = 61*x - 21*x. Let y(i) = 6*i - 17. Calculate y(x).
7
Let x be (0 - (5 - 1)) + ((-45)/9 - -7). Let k(a) = 11*a + 14. Determine k(x).
-8
Let o(p) = -2621*p + 5235*p + 4*p**2 - 10 - 2612*p. Determine o(2).
10
Suppose 5*o = r + 15, -5*o + 3*o + 2*r = -14. Let u(q) = 4*q - 3. Let x(s) = s + 166 - 171 + 7*s. Let f(p) = 7*u(p) - 4*x(p). Give f(o).
-9
Let a(t) = -10*t - 11. Let l(z) = 2*z + 1. Let f(q) = a(q) + 6*l(q). Suppose 26 - 2 = 3*h. Determine f(h).
11
Let h(t) = 0*t**2 + 0*t**2 - 6 + t**2 - 5*t. Let w be (-14)/147 - 1390/(-42). Suppose d - 6*d - p = -27, -4*d = -3*p - w. Determine h(d).
0
Let z(s) be the third derivative of s**6/120 - s**4/12 - 2*s**3/3 - 2*s**2 + 877. Calculate z(-2).
-8
Let a be (-7)/((-7)/3) - 0. Let i(t) = 28*t**3 - 2*t + 0*t - 58*t**3 - 3 - a*t**2 + 29*t**3. Give i(-3).
3
Let u(f) = f**2 + 12*f - 33. Let x be 14/(-6)*(-204)/(-34). What is u(x)?
-5
Let c(u) = 10*u - 2*u + 5477670*u**2 - 12 - 5477672*u**2 - u**3. Determine c(-4).
-12
Let i(v) = -v**3 - 3*v**2 + 1444*v + 2 + 13 - 1442*v. Calculate i(-3).
9
Let w(x) be the second derivative of x**3/6 - 7*x**2/2 - x. Let p be (-51)/21 + 119/49 + -2. Let k be 15/((-6)/p) + -19 + 23. Calculate w(k).
2
Let d(i) be the second derivative of i**4/12 + 19*i**3/6 + 33*i**2 - 2815*i. Determine d(-13).
-12
Let i(f) be the third derivative of -f**5/60 - f**4/4 + 5*f**3/6 - f**2. Let v(j) = 185*j**2 + 6471*j - 145. Let l be v(-35). Calculate i(l).
10
Let r = -29975 - -29974. Let j(k) = -6*k**3 - 19*k**2 - 20*k. Calculate j(r).
7
Suppose 319*i - 296*i = 529. Let d(y) = -y**2 + 25*y - 42. Determine d(i).
4
Suppose 5*o - 3*m = -2*m - 195, 5*o - 3*m = -195. Let f(q) = q**2 - 2*q + 5. Let p be f(-5). Let y = o + p. Let c(s) = 13*s + 1. What is c(y)?
14
Let j(c) = c**3 - 13*c**2 + 28*c + 18. Let r be ((-92)/9)/(-1) - (12 + (-1908)/162). What is j(r)?
-2
Let r(n) = -n + 2. Let k(x) = -9*x - 15. Let h be k(-2). Let l(v) = v - 2. Let t(a) = h*l(a) + 4*r(a). Calculate t(5).
-3
Let o(t) = -2*t**3 + t**2 + 9*t + 5. Let z be o(0). Let r(n) = 4*n + 3. What is r(z)?
23
Let w = 1 + -1. Let d(k) be the third derivative of -5/6*k**3 + 0*k + 0 - 1/24*k**4 - 78*k**2. Determine d(w).
-5
Let d be 1*1/(((-6)/(-5))/(-6)). Let l(j) = -5*j - 11. Let u(b) = 4*b + 8. Let f(g) = d*l(g) - 6*u(g). Determine f(0).
7
Let h(q) be the third derivative of q**5/60 - q**4/3 + 11*q**3/6 + 2618*q**2. What is h(9)?
20
Let o(i) be the second derivative of i**5/20 - 7*i**4/3 + 29*i**3/6 + 5*i**2/2 + 3*i - 374. Determine o(27).
59
Let o be (0 - -3) + -8 + 8. Let w(l) = 405*l - 400*l - 5 + l**2 - o. What is w(-6)?
-2
Let m(t) = t**3 + 3*t + t - 21 - 9*t**2 - 2*t. Let w(c) = -2*c**3 + 15*c**2 + 68*c - 516. Let h be w(7). Calculate m(h).
-3
Suppose -i - 4 = a, 3*a + a = -2*i - 8. Let q(t) = 13*t**3 + 27*t**2 - 3*t. Let x(n) = -11*n**3 - 23*n**2 + 3*n. Let k(w) = 5*q(w) + 6*x(w). Calculate k(i).
4
Let t(y) = 14*y - 49. Suppose 0 = -33*w + 16*w + 68. Let r be t(w). Let j(z) = 5*z - 3. Give j(r).
32
Let m(k) = -11*k + 17. Let a(l) = -11*l + 14. Let r(u) = -5*a(u) + 4*m(u). Let b = 225 - 227. Calculate r(b).
-24
Let k = -80 - -87. Let r(y) be the first derivative of -8 + 6*y - 1/2*y**2. Determine r(k).
-1
Let y(i) = -i**3 + 6*i**2 - 7*i + 7. Let d(t) = 2*t - 7*t + 2 + 6*t + 9*t. Let n be d(1). Suppose 0 = -2*u + 3*u - 2*s - 13, 4*u = -2*s + n. Give y(u).
-3
Let u(s) be the second derivative of s**5/20 + s**4/3 - 11*s**3/6 - 17*s**2 - 757*s. Calculate u(-5).
-4
Let q(m) be the second derivative of m**5/20 - 11*m**4/12 + m**3/3 + 2*m**2 - 1308*m. What is q(11)?
26
Suppose 46*s + 